 remainder when r(-4) is divided by 33?
29
Let x = 86 - 60. Suppose 0 = 29*y - x*y - 111. What is the remainder when 64 is divided by y?
27
Let t = -289 + 508. Suppose 57 = 6*i - t. What is the remainder when i is divided by 38?
8
Suppose -4*p = -3*m - 73, -5*m - p - 145 = 4*p. Let l = 96 + m. Let x(c) = 5*c**2 - c - 4. What is the remainder when l is divided by x(2)?
13
Let l = 30504 + -30482. Suppose -3*r - 2*s = -15 - 23, -2*s + 52 = 4*r. Calculate the remainder when l is divided by r.
8
Suppose 117 = -5*d - 4*t + 403, -2*d - 3*t + 113 = 0. Let p = 80 - d. Calculate the remainder when (-3)/(-9)*(-8)/((-24)/387) is divided by p.
21
Let s(a) = -7*a**2 + 25*a - 38. Let y(t) = 20*t**2 - 74*t + 112. Let l(q) = 17*s(q) + 6*y(q). What is the remainder when 62 is divided by l(18)?
6
Suppose 0 = -25*h + 1546 - 21. Calculate the remainder when h is divided by 42.
19
Let d = 5850 - 5824. Calculate the remainder when 684 is divided by d.
8
What is the remainder when 2266 is divided by 1027/13 + 5/1?
82
Let i = 1221 - -105. Suppose 951 + i = 23*h. Calculate the remainder when h is divided by 26.
21
Suppose r - 5 = -8, u = r + 118. Suppose -3*i - 7*v + 2*v = -192, 0 = 2*i - v - u. What is the remainder when i is divided by 15?
14
Suppose -345 = -71*c + 56*c. Suppose 13 = 3*s - 2*f, -12 + 4 = -s - 3*f. Suppose -s*v + 130 = -80. What is the remainder when v is divided by c?
19
Let l(t) = -5*t - 41. Let c be l(-10). Suppose -5*g + m + 42 = 0, -4*g = 4*m - 8 - 16. Suppose 58 = -g*x + c*x. What is the remainder when x is divided by 15?
13
Let t = 493 + -497. Calculate the remainder when t/(-14) - (10456/(-56) + -4) is divided by 66.
59
Let g be ((-9)/(-6)*-1)/(6/(-20)). Suppose g*l = l. Suppose -5*j + 5*k + 89 + 6 = l, -2*j - 3*k = -53. Calculate the remainder when 40 is divided by j.
18
Let c(h) = -h**3 - 33*h**2 + 1282*h - 255. Calculate the remainder when 2857 is divided by c(-56).
22
Suppose 3*w = 11*w - 1104. Let z = w - 138. Suppose -t + 15 + 24 = z. What is the remainder when t is divided by 10?
9
Let x(w) = 3*w**2 - 20*w - 159. Calculate the remainder when 950 is divided by x(12).
26
Calculate the remainder when 2779 is divided by (-1035)/92 + 11 + 194*(-10)/(-16).
117
Suppose -5*w + 190 = 2*j, 5*j - 5*w + 68 - 578 = 0. Let z = 19 + 3. What is the remainder when j is divided by z?
12
Let p = -564 - -300. Let m = p + 271. Calculate the remainder when 277 is divided by m.
4
Suppose 11305 - 126207 = -73*f. What is the remainder when f is divided by 41?
16
Let n be 0 + (-10)/(-4 + 2). Calculate the remainder when 100/55*(-24288)/(-1840) is divided by n*(0 - 2)/(-2).
4
Let g = -198 + 211. Calculate the remainder when 844 is divided by g.
12
Let z = -33242 - -33263. Let v(s) = 3*s**3 - 3*s**2 + 1. What is the remainder when v(3) is divided by z?
13
Let g = -59 - -101. Let t be 4/(-2) + (18 - 12) + -4. Suppose 4*c - 16 = t, 4*h + 4*c + 6 = 110. Calculate the remainder when g is divided by h.
20
Let v = -182 + 191. Calculate the remainder when (-4)/(-6) + (-145)/(-3) is divided by (v - (-51)/(-6))/((-2)/(-72)).
13
Let n(y) = y**3 + 10*y**2 + 12*y + 16. Let u be n(-10). Let m = u + 109. Suppose 2 = 2*o - 4*o, -4*f + 75 = m*o. Calculate the remainder when f is divided by 9.
2
What is the remainder when (2 - 1240)*(143/(-77) - (-56)/(-49)) is divided by 143?
139
Let b = -20568 - -20687. What is the remainder when 267 is divided by b?
29
Suppose 8*j - 24*j - 64 = 0. What is the remainder when -12*129/(-12) + j is divided by 43?
39
Let c(a) = a**2 + 97*a + 489. What is the remainder when c(-93) is divided by 16?
5
Let v be (2 + -2 - 118) + (12 - 16). Let r = v + 137. What is the remainder when 25 is divided by r?
10
Let i(x) = -2*x**3 - 52*x**2 + 53*x - 23. Let h be i(-27). Suppose h*r + 7*g - 940 = 3*g, -r + 5*g = -253. What is the remainder when r is divided by 30?
28
Let d(f) = 109*f**2 + f - 8. What is the remainder when d(-1) is divided by 95?
5
Let j = -63 - -152. Suppose 0*c - 3*c + j = f, -c + 4*f = -8. What is the remainder when 73 is divided by c?
17
Suppose 14*j - 10 = 4*j. Calculate the remainder when 73 is divided by j*(25 + (-4 - -6)).
19
Suppose -7*p - 67 - 178 = 0. What is the remainder when 59 is divided by -4*9/(63/p)?
19
Let z be (4/(-3))/(60/(-90)). Let f(k) = -k**2 - 4*k - 4. Let g be f(-4). What is the remainder when (z/g)/(3/(-36)) is divided by 2?
0
Let o = -195 - -125. Let m = o - -106. Let s(w) = w**2 - 16*w - 44. What is the remainder when m is divided by s(-3)?
10
Suppose -f = f - 42. Suppose 80*d + 1331 - 23195 = 1416. What is the remainder when d is divided by f?
18
Let u(f) = -f**3 - 9*f**2 - 12*f - 1. Let r be u(-8). Suppose 3*x + r = -14. Let s(k) = -k - 5. Calculate the remainder when s(x) is divided by 5.
0
Let h(v) = -5 + 17*v - v**3 - 16*v - 2. Let j be h(0). What is the remainder when 54 is divided by 2/j + 0 - 3500/(-245)?
12
Let t(o) = 4*o**2 - 3*o + 9. Let v be t(3). Calculate the remainder when -68*(3 - -1 - v/8) is divided by 12.
10
Let x(z) = z**3 - 7*z**2 - 4*z - 28. Let o be x(8). Suppose o*s - 208 = -60. Calculate the remainder when s is divided by (7/4)/(5/60).
16
Let q = 52 - 24. Suppose q = r + 3*r + 5*g, 5*r + 6 = 4*g. Suppose -2 = -r*h + 58. What is the remainder when h is divided by 12?
6
Suppose 0 = 4*y + t - 73, -179*t + 178*t = 3*y - 55. Calculate the remainder when 1701 is divided by y.
9
Let f(b) = -9*b + 679. What is the remainder when 1943 is divided by f(74)?
6
Let v = -1448 + 2103. What is the remainder when (v/(-10))/(4/(-8)) is divided by 45?
41
Let d(y) = -10*y - 6. Let g = -8704 + 8804. Calculate the remainder when g is divided by d(-4).
32
Let m be (5 - -10)*6/15. Suppose m*j - 16 = 302. Let u = 94 - j. What is the remainder when u is divided by 11?
8
Suppose 2*n - 4*n = -50. Calculate the remainder when n is divided by 10/70 + (-3)/(42/(-124)).
7
Let t(z) = 12*z**3 - 18*z**2 + 5*z + 3. What is the remainder when t(7) is divided by 37?
16
What is the remainder when (-33 - -45) + 20*25 is divided by 46?
6
Suppose 5*g - 15 = 0, -488*h = -491*h + 5*g + 102. Let m = 31 + -18. What is the remainder when h is divided by m?
0
Let f(o) = 153*o**2 - 15*o - 13. Let s be f(5). Suppose -46*k = -9*k - s. What is the remainder when k is divided by 18?
11
Suppose 20*n + 16*n - 72 = 0. Suppose -n*j = -3*s - 498, 3*s = 5*s + 8. Calculate the remainder when j is divided by 62.
57
Suppose -29*f + 940 = -510. Calculate the remainder when f is divided by 9/(-27) - (56/(-6) - 2).
6
Suppose 0 = 3*t - 5*a - 11902, t - 2*a - 101 - 3867 = 0. Calculate the remainder when t is divided by 32.
28
Suppose -65 = -4*w - 2*n - 19, 5*w = 4*n + 103. Suppose 2*l - 7 = -0*l - 5*f, -4*l - 1 = -5*f. What is the remainder when w is divided by l?
0
Let w = 26781 + -25597. What is the remainder when w is divided by 125?
59
Let h be 0 + (-1 - 0) - (34 - 39). Suppose 0 = -h*q + 115 + 117. Suppose 0 = -2*u - u + 30. Calculate the remainder when q is divided by u.
8
Suppose -530*v = -503*v - 3078. Let u = 57 + -25. What is the remainder when v is divided by u?
18
Let w be 5/(9/(54/15)). Let z = -85 + 120. Suppose w*m - z = m. What is the remainder when m is divided by 13?
9
Let n = 19962 - 19856. Calculate the remainder when n is divided by (0 - 2*-23)/2.
14
Let d(v) = -13*v - 12. Let x be d(-3). Let w = -18 + x. Suppose -48 = 5*y - w*y. Calculate the remainder when y is divided by 5.
2
Suppose -2*z + 0*z = 5*g + 109, 5*z + 5*g + 265 = 0. Let p = 43 + z. Calculate the remainder when 31/4 - p/36 is divided by 4.
0
Suppose -5*b = 4 - 4. Let z be -1 + b + 2 - (5 - 1). Let c = 4 + z. Calculate the remainder when 1 is divided by c.
0
Suppose 1962 = 96*y - 78*y. Let h = -21 - -49. What is the remainder when y is divided by h?
25
Suppose 11912 = 39*v - 11488. Calculate the remainder when v is divided by 122.
112
Suppose -55*i + 48540 = 31*i + 6572. Calculate the remainder when i is divided by 18.
2
Calculate the remainder when 1 + -7 - (-7)/42*17502 is divided by 13.
12
Suppose 33 = w - 2*y, 4*w - 2*y = 76 + 68. Let t = 18 + -16. Suppose 27 = t*b + 3*m - 28, 2*b + 2*m - 50 = 0. What is the remainder when w is divided by b?
17
Suppose -184*m = -185*m - 51. What is the remainder when (1/((-3)/(-2)) - 2)*m is divided by 11?
2
Let d = -3 + 16. Suppos